 - -3 - (1 - -6)?
-1
What is -2 + 2 + (3 - (-2 - -2))?
3
Evaluate 2 + 1 + (7 - (5 + 0)).
5
What is -5 + -4 + -1 + 7?
-3
-2 - (-11 - (2 + -2) - -4)
5
2 + 1 - 5 - -2 - -1
1
Calculate 2 + (-3 - (-5 - 0 - -3)).
1
What is the value of 5 + -1 - (-2 + -1)?
7
What is the value of 0 + (-2 - (-6 - -2))?
2
Calculate -67 + 67 + (-1 - 5).
-6
What is -295 - -291 - (1 - 6)?
1
What is 4 + -1 + -7 - (-4 + -1)?
1
-40 + 46 + -7 + -2
-3
What is -11 + 9 + (1 - -1) + -1?
-1
What is 0 + (-6 - (4 - 3)) - -2?
-5
Evaluate 0 + -1 + 9 + 1 + -8.
1
What is the value of -3 + -1 - 1 - -4?
-1
Evaluate -1 + 5 - (2 + 1 - 4).
5
15 + -5 - (-2 - -3) - 5
4
Evaluate -15 + (7 - 3) - -5.
-6
0 - -7 - 5 - 1
1
Evaluate (-4 - (1 - 3)) + 7.
5
What is the value of -2 + -4 + 0 + (4 - -3)?
1
What is 0 + 2 + 19 + -18 - -2?
5
Calculate (-5 - -9) + 6 + 2 - 6.
6
Calculate -1 - (0 - -5) - (-6 - -1).
-1
(1 - -1) + 0 + 4 + -9
-3
Calculate 2 + -2 - (43 - 41).
-2
Evaluate -2 - (4 + 2 + -7).
-1
5 - (9 + -8) - (2 - -2)
0
(-2 - -6) + 4 + (-3 - -2)
7
What is 17 + 2 - (3 - -5)?
11
What is 1 + 1 + (3 - (5 + 0))?
0
(5 - (-12 + 2 + 3)) + -6
6
What is the value of -5 + (9 - -1) + -7?
-2
What is (-3 - -4) + (-2 - (8 + -10))?
1
What is the value of 1 - (4 - 4 - -7) - 0?
-6
Evaluate 12 - 8 - -8 - (8 + -1).
5
What is 8 + (5 - 4 - 5)?
4
What is the value of (-1 - -2) + 4 - (43 - 43)?
5
(1 - (-3 - (-1 + 2))) + -1
4
Calculate -6 + (6 - (-12 - -12)).
0
Calculate -9 - (11 - (8 + 13)).
1
Evaluate 3 + (-1 - -5) + 4 + -7.
4
Calculate 3 + (2 - -4 - 4).
5
What is the value of (1 - -3 - 5) + (-1 - 2)?
-4
What is 0 + (-2 - (-7 + 0))?
5
Evaluate (-1 - -2 - -4) + -10.
-5
1 - (-4 + 4 + 3)
-2
What is -5 - -2 - (0 - (-15 - -12))?
-6
Calculate 10 + -10 + -1 + 4.
3
What is the value of -4 + 1 - (124 + -130)?
3
What is the value of 31 - 36 - (-1 - (0 - 1))?
-5
What is the value of -3 + 0 + 1 + 0?
-2
0 + 5 + -4 + 2
3
What is the value of 7 - (5 + -1 - 0)?
3
What is the value of 2 + -3 - (-1 + 0 + -5)?
5
What is the value of 2 - -1 - (-1 - -6 - 3)?
1
What is (8 - 8) + -1 + 5 - 7?
-3
What is 6 + -9 + 6 - 7 - -1?
-3
4 - (3 - -2 - 3) - 3
-1
What is the value of (0 - (-1 + -1 - -2)) + -2?
-2
What is the value of (1 - (0 - -5)) + -1 + 4?
-1
-5 + -5 + 10 - (1 - 0)
-1
1 + 1 + -13 - 1 - -5
-7
What is the value of 0 + -4 - (14 + -13)?
-5
Calculate (-3 - 6 - -6 - -2) + -3.
-4
What is the value of 3 + (2 - (7 + (6 - 10)))?
2
What is the value of -3 + (-4 - (4 - (4 - -1)))?
-6
What is 4 + -3 - (7 - (5 - 3))?
-4
Calculate 0 + -1 - (3 + 2 - -1).
-7
Calculate -4 - (4 + 3 + -2) - -4.
-5
What is (5 - 14) + 10 - (-6 - -2)?
5
(10 - 7) + 1 - (1 - -9)
-6
Calculate -26 - -11 - -11 - -5.
1
What is -4 + (5 - (8 + -6))?
-1
(-4 - 3) + 4 + (8 - 2)
3
What is the value of -5 - (8 - (-3 - -17))?
1
-6 - (1 - -2 - 6) - -5
2
Calculate 2 + -5 + 1 + 4 - -2.
4
What is the value of 4 + -9 + 8 + -4?
-1
What is the value of 12 + (-7 - -11) + -10?
6
7 + -3 + 8 - 7
5
Evaluate -6 - (1 - 0 - (-1 - -11)).
3
Calculate 60 + -57 + (1 - 6).
-2
-2 - (-4 - (-16 + 4) - 4)
-6
-2 - (2 - -2 - 7)
1
Calculate -10 + (1 + 3 - -4).
-2
18 - 28 - -16 - (-1 + 1)
6
Calculate (1 - (-3 + 0 + 1)) + 2.
5
Evaluate 3 - (9 + (3 - (7 - 3))).
-5
(3 - 5) + 4 + 0
2
Evaluate -8 + 13 - (-3 + 5).
3
1 - -11 - (5 - -2)
5
Calculate -28 + 17 - (1 + -7).
-5
What is the value of 47 + -46 - (-3 - 0)?
4
(0 - 2 - 2) + 8
4
Evaluate 1 + -2 - (-19 - -12).
6
What is the value of -20 + (-7 - -12) + 0 + 5?
-10
What is the value of (-4 - (-23 + 10)) + -14?
-5
2 + 2 + -2 + -2
0
What is the value of 3 + (-2 - 0) - (115 - 117)?
3
Calculate -7 + 7 - (5 - 2 - 0).
-3
What is -2 - (-1 + 8 + -10)?
1
Evaluate -8 - (-9 - 2) - 4.
-1
Calculate 7 - 1 - (4 + 4).
-2
Evaluate 2 - -3 - (3 - (1 + -8)).
-5
What is 3 + -16 + 3 - (0 + -6)?
-4
-2 - 5 - (4 - (6 + 2))
-3
Calculate -6 + 4 + 8 + -15.
-9
What is the value of 0 + 0 + 1 - 6?
-5
Evaluate (3 - 5) + (0 - -3) + -3.
-2
Calculate 2 - -3 - (0 - (-2 - -2)).
5
Calculate -15 - (0 - (4 + 1 - -2)).
-8
Evaluate -6 - (-2 - (-2 + 5 + 2)).
1
Evaluate -14 - (2 - -1 - 13).
-4
Evaluate (1 - 8) + (-17 - -21).
-3
Calculate 6 - 14 - (7 + -7 + 1).
-9
4 + 5 + 3 + 0 + -3
9
What is -5 + -1 + 6 - 5?
-5
What is (11 - 29) + 4 + 3 - -5?
-6
What is the value of 0 - (-2 - (-2 + 2))?
2
What is the value of -1 - (4 - (-4 + 4))?
-5
Evaluate (8 - (4 - 2)) + -10.
-4
Evaluate 10 - 2 - 11 - -9.
6
What is -4 - (-6 + 6 - -1)?
-5
Evaluate (0 - 3) + (-8 - (-10 - 6)).
5
Evaluate -1 - (-2 + 2 + -3 - -5).
-3
13 - (3 - -8) - (0 + 1)
1
7 + (-1 - 7) + (0 - 5)
-6
What is 1 - (2 + -8) - 3?
4
What is the value of -2 + -3 + -8 + 20 + -8?
-1
Calculate (0 - 6) + (0 - -1) + 9.
4
Calculate 1 + 2 + -3 + -1 + 4.
3
What is 4 + (9 - 14) + (3 - 1)?
1
Evaluate 1 - ((-1 - -3) + -4).
3
5 - 1 - (3 - 3) - 7
-3
-3 + (15 - 3) + -3
6
Evaluate 1 + -1 - (52 + -47).
-5
10 + -7 + 0 + -3 + 4
4
Calculate 11 + -22 - (-3 + -2).
-6
Evaluate -4 + 3 + -1 + -3 + 2.
-3
What is -2 + -5 + (-15 - -17) - -11?
6
What is the value of 7 + -7 + -8 + 4?
-4
What is 0 + 3 + -4 + (-22 - -25)?
2
Calculate -6 + 0 - (-2 + -3 + 1).
-2
Calculate -5 + (5 - 2) + (-10 - -10).
-2
What is -7 - (-11 + (10 - -2) + -7)?
-1
What is the value of 2 + -2 + 2 + (-33 - -34)?
3
(-2 - 12) + (71 - 58)
-1
Calculate -2 - (-1 + 4 - 3).
-2
What is 10 - 5 - 13 - (-3 + 0)?
-5
What is -5 + 7 + (-8 - -4)?
-2
-1 + (0 - 3) + 9
5
Calculate (-8 - 5) + 4 + 2.
-7
(-5 - -5) + (0 + -1 - -5)
4
What is the value of 13 - 2 - (17 - 2)?
-4
(7 - 1) + 0 + -2
4
What is (-1 - -1) + 3 + 1?
4
25 - 17 - (1 + 6)
1
What is 5 + 2 + (-10 - -6)?
3
11 - (13 + -4 + -4)
6
Calculate (2 - -1) + -5 + 1.
-1
Evaluate 1 - (1 + (5 - 2)).
-3
Evaluate -7 + (12 - 25 - -11).
-9
-3 + 5 + (12 - 8)
6
4 + -7 + -3 + (0 - 2)
-8
What is the value of 3 - (0 + -4 + (41 - 39))?
5
What is (1 - 5) + 2 + (-6 - -5)?
-3
What is 6 + -15 + 4 + 6?
1
What is the value of 6 - (-6 - (-2 + -2 + -1))?
7
What is the value of 4 + -2 + -1 - 1?
0
Calculate 7 - 1 - (10 + 2).
-6
Evaluate (3 - 11) + 4 - -7.
3
4 - (4 + -2 + -1 - -7)
-4
What is -5 + 2 + 5 + 3?
5
1 + -1 + -2 + (2 - -1)
1
What is -1 + 1 + 0 - (-29 + 30)?
-1
Calculate (-5 - (2 + -2)) + 1 + -1.
-5
Calculate (0 + (-5 - -2) - -8) + -5.
0
Evaluate -11 - -14 - -8 - 15.
-4
Evaluate -1 - (5 + (-6 - (0 - -5))).
5
Calculate 30 + -36 + 2 + 10.
6
What is the value of -10 + (0 - (8 - 11))?
-7
-20 - -7 - (0 - 5)
-8
Evaluate (10 + -12 - 10) + 8.
-4
Calculate (-18 - -8) + 3 + 10.
3
Calculate 0 - ((9 - 2) + -8).
1
Evaluate 9 - (-6 + 4 + 18).
-7
Evaluate 4 + -2 - -2 - 2 - -1.
3
Evaluate -11 - (-28 - (4 - 14)).
7
8 - 5 - 2 - (-1 + -3)
5
What is the value of 14 + -2 - (-31 - -37)?
6
Evaluate -10 + -9 + 10 + 5.
-4
Evaluate (10 - (3 - -1) - 6) + 3.
3
What is 3 + (-1 - (1 + 4))?
-3
-6 + 0 - (2 - 8)
0
What is the value of -5 + (7 - (-2 - -5))?
-1
What is 0 + -7 - (-15 + 11)?
-3
What is the value of 7 - -1 - (2 - (-4 - -3))?
5
2 + (-7 - (-6 - -4))
-3
Evaluate -5 + 1 + (-2 - -6) - 5.
-5
What is the value of -8 + 11 + -4 + 2?
1
What is -10 - -2 - (-18 - -15)?
-5
Evaluate -4 + -5 + 5 - -2.
-2
12 + 4 + -2 + -6
8
What is (4 - -1) + 0 + 33 + -35?
3
Evaluate 4 + -6 + 5 - (-12 + 7).
8
Evaluate 3 - (8 - 1) - -8 - 5.
-1
13 - 1 - (-11 + 16)
7
Evaluate -2 + -8 + (1 - -6) - -7.
4
Evaluate -4 - (2 + 7 - (-14 - -22)).
-5
Calculate (-12 - (0 + -8)) + 8 + -1.
3
(-4 - -3) + -3 - -4
0
What is 5 + 1 - (-7 + -3 + 10)?
6
What is the value of (-12 - -5) + 2 - -5?
0
(14 - (13 + 7)) + (0 - 1)
-7
19 + 4 + -11 + 1 + -8
5
Evaluate 3 + -2 - (-1 + 5 + -1).
-2
Calculate -1 - -8 - 10 - (-3 + 0).
0
(3 - 1) + 10 + -17
-5
-1 - 0 - -4 - 3
0
(1 - 0) + 25 + -28
-2
Calculate (-3 - -3) + -2 + 1.
-1
Calculate 0 + -1 - (-10 + 6 + 7).
-4
What is the value of 39 + -33 + (-5 - (0 + -1))?
2
Evaluate (5 - 10) + (6 - 2).
-1
What is the value of -4 + 3 + -1 + 0?
-2
Evaluate (-3 - 4) + -1 + 3.
-5
8 - (6 - 0 - -5)
-3
Calculate 14 + -11 - (6 + -2).
-1
Evaluate (1 + 1 - -4) + -2.
4
Evaluate 1 + 2 - (-7 - (-7 - -3)).
6
Calculate -3 + 2 + 18 + -11.
6
What is (2 - -1) + (-4 - -2)?
1
What is the value of -5 + (4 - 3 - -3)?
-1
Calculate (0 - (12 - 13)) + -8.
-7
Evaluate (3 - 7) + (-2 - -3) + -1.
-4
25 + -35 + (-3 - -20)
7
What is 6 - (4 + (-2 - 0 - -5))?
-1
What is the value of -1 + 0 - (8 + (7 - 15))?
-1
What is -3 - (1 + -1 + (-5 - 1))?
3
Calculate (-7 - (1 - 4)) + (1 - 4).
-7
Evaluate -16 